 4*z = 0, 3*p + 5*z = -0*p. Suppose -11*d + 114 + 7 = p. List the prime factors of d.
11
Let c(y) = 63*y**2 + 61*y - 34. What are the prime factors of c(-14)?
2, 3, 5, 191
Let o(g) = -149*g. Suppose -2*y + 4*t = y - 40, -y - t + 11 = 0. Suppose 0 = -17*a + y*a - 5. What are the prime factors of o(a)?
149
Suppose -9*j + 858510 = -31*j + 2683190. List the prime factors of j.
2, 5, 11, 13, 29
Let y = 5343 - 1148. List the prime factors of y.
5, 839
Let h(k) = -21275*k - 1872. List the prime factors of h(-1).
19403
Let r = 2185 + -1040. List the prime factors of (r/(-10))/((-1)/2) + 1.
2, 5, 23
Suppose 4*w + 3*l = 128978, -4*w + 128998 = -0*w - 7*l. What are the prime factors of w?
2, 23, 701
Let l be 2/(-4) + -2 + 1/2. Let h be l*((-9)/(-4) + 2/8). What are the prime factors of 17/((20/(-12))/h)?
3, 17
What are the prime factors of (-74)/1739 + (-18426)/(-47)?
2, 7
Let r be (1/(-4) + 1)/((-30)/80). List the prime factors of (7 - 9)/(r/124).
2, 31
What are the prime factors of (-4223)/(4 - (-27)/(-6))?
2, 41, 103
Suppose 487196 = 64*p + 31*p - 326384. List the prime factors of p.
2, 2141
Let k(r) = -2*r - 6. Let u(g) = -g - 7. Let z(d) = -6*k(d) + 7*u(d). Let w be z(7). Suppose c - 12 = w. What are the prime factors of c?
2, 17
List the prime factors of ((-260112)/(-20))/(194/485).
2, 3, 5419
Let b be (27 - 49)*(-7)/2. What are the prime factors of (-705)/(-11) + (-7)/b?
2
Suppose 182*t + 73*t - 5150258 - 9699667 = 0. List the prime factors of t.
5, 19, 613
Let f = -2983 - -3801. What are the prime factors of f?
2, 409
Suppose 221971 = 20*v + 14591. List the prime factors of v.
10369
Let j(w) = w**3 + 5*w**2 - 8*w - 9. Let y be j(-6). Suppose -154 = -2*a + y*i, -a = a - 4*i - 154. Suppose a*l = 79*l - 260. List the prime factors of l.
2, 5, 13
Suppose 10*s - 405861 = 156389. What are the prime factors of s?
5, 13, 173
Suppose 23766 = 2*w - 3*g, 5*g + 117 = 107. List the prime factors of w.
2, 3, 5, 11
What are the prime factors of (-16)/((-160)/(-40))*-2*(-439)/(-8)?
439
List the prime factors of 222/10*(-3150)/(-30).
3, 7, 37
Suppose -5*p = -4*z + 51693, 3*p = 3*z + p - 38761. Suppose z = 15*v + 3332. List the prime factors of v.
3, 71
Let a(g) = g**3 - 9*g - 2. Let d be a(3). Let q be 2 + 1 + d/((-8)/436). What are the prime factors of 5 + (5 - 7) + q?
5, 23
List the prime factors of 5 + 94/(-18) - 902192/(-144).
5, 7, 179
Suppose -548 = -7*b - 100. Suppose -17*f = -15*f - b. What are the prime factors of f?
2
Let f = -5434 + 7663. What are the prime factors of f?
3, 743
Let b(z) = -3*z + 32. Let m be b(9). Let o(s) = 12*s**2 + 4*s**3 + 8*s**3 + m - 13*s**3 + 9 - 21*s. List the prime factors of o(10).
2
Suppose r + 7 = 9. Suppose 4*f - f + 11 = 4*l, -r*f - 8 = -2*l. What are the prime factors of 113 - (-3 + (l - -2))?
5, 23
Suppose -20 = -o + 4*f, -8 = 2*o + 7*f - 3*f. Let r = o - 102. List the prime factors of (r + -4)*((-20)/6 - -2).
2, 17
Let o(k) = 2*k**2 - 34*k - 3. Let b be o(29). Let u = 1077 - b. List the prime factors of u.
2, 3
Let p(j) be the second derivative of -2*j**3 - 4*j**2 + j. Let x = -1691 - -1684. What are the prime factors of p(x)?
2, 19
Suppose 0 = 69*s - 412108 - 439007. What are the prime factors of s?
5, 2467
Let q(i) = 195*i + 73. Suppose 3*x + 2*x + 5 = 0, -3*j + 7 = 5*x. What are the prime factors of q(j)?
853
Let x(m) = m**2 + 3*m - 12. Let z be x(5). Suppose 20 = -8*d - z. List the prime factors of d/(-16) - 1972/(-32).
2, 31
Suppose 61994 + 46352 = 2*n + 5*w, 5*n + 5*w = 270910. List the prime factors of n.
2, 19, 23, 31
Suppose 0 = -5*m + 55 + 20. Suppose -z + m = -7. Let u = 125 - z. What are the prime factors of u?
103
Suppose 3*t = -35*w + 30*w + 40982, -w = 43*t - 587550. List the prime factors of t.
2, 7, 61
Let u(v) = -17*v**2 - 3*v - 16. Let c(t) = 16*t**2 + 3*t + 16. Let f(m) = -3*c(m) - 4*u(m). List the prime factors of f(-4).
2, 3
Suppose 29*p - 779 = 12735. What are the prime factors of p?
2, 233
Let x(a) = a**2 - 4*a - 9. Let q be x(10). Suppose 56*z - 10 = q*z. List the prime factors of 1 + z + 2*25.
53
Let i(b) = -4381*b - 833. List the prime factors of i(-7).
2, 7, 2131
Let y = -680 + 4213. What are the prime factors of y?
3533
Suppose 2*k + 8567 + 50589 = 2*v, 0 = -5*v - 4*k + 147836. What are the prime factors of v?
2, 7393
Let m(y) = -612 + 1291 - 26*y**2 - y**3 + 19*y - 630. What are the prime factors of m(-27)?
5, 53
Let o(p) = -101*p - 13. Let c = 73 - 76. What are the prime factors of o(c)?
2, 5, 29
Suppose -5*w + 951 = 3*d, -4*w - 32 = -4*d - 812. Suppose 184*m + 10296 = w*m. List the prime factors of m.
3, 11, 13
Suppose -5*c + 13*c = 472. Suppose 0 = t + t - 4. Suppose 3*x = -3*p - 8 + c, -p = -t*x - 5. List the prime factors of p.
13
What are the prime factors of 364/832*-16 - (-1 + -93273)?
3, 43, 241
Let k = -6098 + 32069. What are the prime factors of k?
3, 11, 787
Let w(z) = z**3 - 4*z**2 + 4*z - 1. Let g be w(3). Suppose 14 = 2*p + 5*u, g*p + u = 23 + 7. Suppose 0 = t - 79 + p. What are the prime factors of t?
2, 31
Let h = -250 - -250. Suppose -3748 = 2*j - 6*j - x, h = 3*x. List the prime factors of j.
937
Let k(y) = 12*y - 2. Let t be k(-4). Let f(x) = -3*x**3 + 2*x**2 - 59*x + 121. Let j be f(2). Let d = j - t. List the prime factors of d.
37
List the prime factors of (-1584)/(-7161) - 4/(-62) - (-579111)/21.
11, 23, 109
Let o be (516/(-8))/((-5)/30). Let t be (94/(-6))/(8/(-120)). Suppose -t = -y - 2*b, -5*y + 1580 = 4*b + o. List the prime factors of y.
241
Let a = 34 - 23. Suppose -a*j + 33 = -0. Suppose j*t - 39 - 174 = 0. What are the prime factors of t?
71
Let l = 20875 + -13927. List the prime factors of l.
2, 3, 193
What are the prime factors of (-318)/2703 - 3*27076/(-17)?
2, 2389
Let t = 32790 - 15721. List the prime factors of t.
13, 101
What are the prime factors of 8/(-132)*-3 + (-470964)/(-66) + -7?
7129
Let j(z) = -5*z**3 - 9*z**2 - 75*z - 415. What are the prime factors of j(-6)?
7, 113
Let f be 3 - (8 + -4) - -43. Let n = f + -41. Let d(s) = 23*s - 6. List the prime factors of d(n).
17
Let z(b) = 2126*b - 1476. What are the prime factors of z(8)?
2, 11, 353
Suppose 7078 - 181478 = -109*x. List the prime factors of x.
2, 5
Suppose 0 = 2*x + 15*x - 18156. Suppose 6*c - 3*p = 4*c + x, 3*c - p - 1595 = 0. What are the prime factors of c?
3, 59
Suppose -17*j + 2223718 = 81*j. What are the prime factors of j?
22691
Suppose -177549 = -16*y + 41411. List the prime factors of y.
5, 7, 17, 23
Suppose 66535 = 5*q + 17035. What are the prime factors of q?
2, 3, 5, 11
Let v(w) = 145*w**2 - 91*w + 724. List the prime factors of v(9).
2, 5, 233
Let r = -13927 + 20173. What are the prime factors of r?
2, 3, 347
Suppose 0 = 2*k + 4*n - 63064, 4*n = 5*k - 67634 - 90068. List the prime factors of k.
2, 13, 1213
Suppose 0 = 5*u + 3*q - 112573, -6*q = -5*u + 115513 - 2949. What are the prime factors of u?
2, 11257
Let y(c) = 131*c**2 + c + 58. What are the prime factors of y(8)?
2, 5, 13
What are the prime factors of 461/((-15)/1275*-1)?
5, 17, 461
Let f(w) = -w**3 + 4*w**2 + 7*w - 4. Let j be f(5). List the prime factors of (-12820)/(-60) - 4/j.
3, 71
Let l(o) be the first derivative of -o**2 - 9*o - 1. Let h be (-9 + (-3 - (-576)/40))*(-10)/3. What are the prime factors of l(h)?
7
Suppose j - 9 = -4. Let a be ((-192)/(-30) - 7) + 483/j. What are the prime factors of (-2 + 50/(-8))/((-18)/a)?
2, 11
Let g(o) = 93*o + 9686. List the prime factors of g(0).
2, 29, 167
Let j be (-73 - 4/(-2))/((-15)/(-45)). What are the prime factors of (3 + -1 + 0)*j/(-2)?
3, 71
Suppose a - 850 = 413. Suppose -3*c + 3507 = -4*l + a, c + l = 748. What are the prime factors of c?
2, 11, 17
List the prime factors of (17152/16)/(6/(-8) + 1).
2, 67
What are the prime factors of ((-3)/(285/20))/2 + (-32134443)/(-627)?
53, 967
Suppose 8 = -4*b, 5*c = -2*b + 648 + 2468. Suppose 17*w = 21*w + c. Let h = 222 + w. What are the prime factors of h?
2, 3, 11
Suppose 57 = 3*j + 39, -6*j - 183859 = -5*g. What are the prime factors of g?
36779
Let v be (-184 - -190) + 81/(0 - -1). Suppose -3*o - 4*u = -2*o - v, 186 = 2*o - 4*u. List the prime factors of o.
7, 13
Let w(z) = z**3 + 2*z**2 - 41*z + 60. What are the prime factors of w(18)?
2, 3, 967
Let n(r) = 2*r + 127. Let s be n(39). What are the prime factors of (